
What is -20151224 (base 6) in base 8?
-2141740
Convert 23135673 (base 8) to base 9.
10414180
Convert 29064c (base 15) to base 9.
3641250
What is -805241 (base 11) in base 2?
-100111100001111110110
175116 (base 15) to base 8
4240567
Convert -121453 (base 9) to base 15.
-16a9c
Convert -125832 (base 9) to base 10.
-76493
Convert 1023012200 (base 5) to base 9.
4047071
-11709a7 (base 12) to base 2
-1100111001100010001111
-4836d (base 14) to base 11
-110504
-18514551 (base 9) to base 6
-532103114
Convert -25e45 (base 16) to base 14.
-407c1
What is 3134440212 (base 5) in base 7?
106526666
Convert -2202002211021 (base 3) to base 16.
-1641a9
Convert 13023142 (base 5) to base 8.
367320
Convert 145220 (base 8) to base 15.
10571
What is -3301321032 (base 4) in base 11?
-617446
Convert 1e0640 (base 16) to base 14.
393128
What is 178a29a (base 11) in base 5?
1233422312
-149664b (base 13) to base 7
-106646156
Convert 665503 (base 10) to base 7.
5441146
What is -110101001100101000111 (base 2) in base 3?
-10021120012001
What is -2314082 (base 9) in base 4?
-10301010230
-d8508 (base 16) to base 13
-250399
Convert -2727067 (base 12) to base 3.
-112121121220221
-1655535 (base 11) to base 16
-2b0142
-6cd2c (base 14) to base 10
-266012
20001120111011 (base 3) to base 14
5db48b
Convert -132036024 (base 7) to base 15.
-b278dc
-122705 (base 9) to base 10
-74201
Convert 111751 (base 10) to base 13.
3bb33
Convert -212111112101 (base 3) to base 6.
-13525314
Convert 121012010002010 (base 3) to base 8.
40644103
Convert 1794796 (base 12) to base 3.
100021002100120
-100010010101110110 (base 2) to base 14
-39394
What is 66a82 (base 16) in base 10?
420482
What is 15e7d (base 16) in base 3?
11120002011
7a91ab (base 12) to base 8
7375723
230000302333 (base 4) to base 6
1051142451
What is -2322100311 (base 4) in base 10?
-762933
What is ab21de (base 15) in base 3?
120100110102002
What is -115650 (base 7) in base 6?
-242220
What is -3764c (base 13) in base 7?
-603533
Convert -7c6c62 (base 13) to base 3.
-12120020100020
What is 66562 (base 9) in base 2?
1010110010101001
201102210021 (base 4) to base 5
4213224133
What is -18765 (base 13) in base 5?
-3004103
What is -61550 (base 7) in base 9?
-22548
What is -433604 (base 7) in base 2?
-10010011111101110
What is -9a656 (base 11) in base 2?
-100011100111001010
What is 39a6b2 (base 13) in base 16?
154589
Convert -303001021 (base 4) to base 16.
-33049
-1012022212 (base 3) to base 6
-301035
What is -62063 (base 10) in base 14?
-18891
2211248 (base 10) to base 12
8a77a8
What is 2204265 (base 8) in base 3?
1010002010220
-110331403 (base 5) to base 12
-1b1ab0
Convert 405330 (base 6) to base 3.
1122022200
What is -15411722 (base 8) in base 9?
-6601427
Convert -251a85 (base 11) to base 8.
-1411165
Convert 30012 (base 8) to base 4.
3000022
What is -44601262 (base 7) in base 15?
-51579a
What is -2506575 (base 11) in base 9?
-8170666
-200020211211 (base 3) to base 11
-225a32
Convert 203561 (base 10) to base 11.
129a36
What is 100322113330 (base 4) in base 7?
52453243
Convert -145333 (base 10) to base 8.
-433665
Convert 7a36a (base 12) to base 10.
162946
Convert -7bb58d (base 15) to base 3.
-102010022012121
What is 17182 (base 12) in base 14?
c0a6
What is 265470 (base 9) in base 14?
42bd6
Convert 9852d (base 15) to base 16.
761d1
Convert -12300232022 (base 5) to base 6.
-1250155521
101223111332 (base 4) to base 10
4633982
-243442410 (base 5) to base 12
-478b78
373144 (base 9) to base 15
46ba7
What is 22131331 (base 4) in base 11?
2a23a
What is 4100b (base 15) in base 2?
110010010000111110
What is -32916 (base 15) in base 9?
-264353
-20133312032 (base 4) to base 14
-41db42
What is -134891 (base 15) in base 14?
-1a19dc
What is 35c80c0 (base 13) in base 14?
2309084
What is -100001001001100011000001 (base 2) in base 12?
-2ab0a29
-b421c (base 15) to base 7
-4565202
Convert -1210421 (base 6) to base 12.
-30a11
What is -1025210015 (base 6) in base 16?
-a6221b
Convert 2210111111022 (base 3) to base 16.
16aced
-102020010110121 (base 3) to base 11
-340577a
Convert 101111000000101100 (base 2) to base 16.
2f02c
What is -10134432 (base 6) in base 4?
-1013130110
102011221 (base 4) to base 6
1331001
4862865 (base 10) to base 16
4a3391
What is -10320322 (base 4) in base 3?
-1000110201
-1d7ae1 (base 15) to base 2
-101100000011100000010
What is 124502 (base 14) in base 6?
21232554
294072a (base 11) to base 4
103101121320
Convert -8bb77 (base 12) to base 4.
-231203023
-2bb6c4 (base 13) to base 2
-100001000001011110010
Convert 13344430 (base 6) to base 12.
198116
-1043150 (base 9) to base 11
-35280a
What is 10542215 (base 6) in base 9?
544132
Convert 41202201 (base 6) to base 10.
1182457
Convert 44613351 (base 7) to base 13.
a561a7
220004304 (base 5) to base 6
32034543
Convert -2261492 (base 11) to base 8.
-17054452
What is -577574 (base 10) in base 9?
-1070248
What is 27344 (base 11) in base 7?
221506
What is -1101110100011110010 (base 2) in base 13?
-12b178
1f76e (base 16) to base 2
11111011101101110
Convert -20220311 (base 6) to base 9.
-1071037
26643 (base 7) to base 2
1110000010001
Convert 1025540 (base 7) to base 13.
44843
-79a50 (base 11) to base 8
-342023
What is -29255 (base 11) in base 6?
-520231
-53475 (base 12) to base 14
-2bcb7
What is -15345131 (base 7) in base 11?
-917156
275572 (base 9) to base 15
34c45
872208 (base 9) to base 8
1767413
Convert -5b05b1 (base 13) to base 4.
-20102023221
What is 7424656 (base 8) in base 14?
396566
7223134 (base 8) to base 12
781650
What is -1467c (base 16) in base 8?
-243174
Convert 532308 (base 9) to base 11.
1a6992
287831 (base 12) to base 2
10100101001111100101
2640744 (base 8) to base 13
1caa61
186200 (base 13) to base 4
2111232311
-87048 (base 11) to base 8
-367041
What is 512dd (base 15) in base 11?
166230
Convert -1755398 (base 10) to base 16.
-1ac906
Convert -14056414 (base 7) to base 3.
-2110110210121
Convert 232201103 (base 4) to base 11.
120185
-1167400 (base 11) to base 4
-13233222303
-87971a (base 13) to base 7
-36060636
-279862 (base 11) to base 12
-1912b0
Convert 7334752 (base 8) to base 4.
13123213222
2788a3 (base 14) to base 6
45154211
Convert -156992 (base 14) to base 8.
-2665344
245513321 (base 6) to base 3
22221111011111
What is 745e (base 15) in base 5?
1241424
367840 (base 12) to base 4
3113313300
14492 (base 15) to base 6
1221402
18a293 (base 11) to base 9
484278
What is 110111100110010111010 (base 2) in base 9?
3376133
Convert -579538 (base 12) to base 9.
-2572138
Convert -e6ad68 (base 15) to base 16.
-a76a7d
Convert -421200302 (base 6) to base 14.
-d91246
10300445 (base 7) to base 2
11010101011011010001
What is 39414 (base 14) in base 11?
96821
-130025 (base 8) to base 13
-17696
Convert -263c95 (base 15) to base 13.
-4c3598
-2316a (base 16) to base 14
-3a53c
158272 (base 9) to base 5
11113123
Convert 30a57 (base 11) to base 2.
1011000010001011
What is 5e8e3 (base 15) in base 3?
120100210120
-ab52a0 (base 12) to base 10
-2725464
Convert 10212415 (base 6) to base 8.
1104633
What is 35121112 (base 6) in base 14?
202d24
What is 268001 (base 10) in base 16?
416e1
What is 1120002100202 (base 3) in base 16?
ca3f7
82337b (base 12) to base 4
13301201033
1111755 (base 8) to base 7
2356450
Convert -40a62 (base 14) to base 16.
-2603e
Convert 21211210022 (base 3) to base 11.
a5aa9
-1001220212110 (base 3) to base 9
-1056773
Convert 4437413 (base 9) to base 2.
1001000110110010001010
-12021202200 (base 3) to base 10
-104076
Convert -258841 (base 11) to base 2.
-1100011010110111000
253485 (base 10) to base 14
68541
Convert -1bd07d (base 16) to base 6.
-103023033
What is -211011120 (base 4) in base 9?
-251323
What is 1136563 (base 7) in base 16?
23287
What is 490466 (base 14) in base 5?
1114413124
Convert -10532633 (base 7) to base 15.
-131525
Convert 10000011010001010000 (base 2) to base 10.
537680
Convert 404204143 (base 5) to base 14.
306970
Convert -3145756 (base 8) to base 12.
-3453a6
-5130416 (base 8) to base 16
-14b10e
250425 (base 7) to base 16
b30a
What is 4308686 (base 9) in base 11?
1338020
What is -23bc1 (base 14) in base 3?
-11102212122
-154594 (base 11) to base 6
-5052240
Convert 344324222 (base 5) to base 4.
11330120232
What is -1021202200010 (base 3) in base 8?
-2470403
What is 165a3ab (base